+ 12. Let n = 587 + -584. What is the remainder when k is divided by n?
0
Let x(z) = z**2 + 30*z + 121. What is the remainder when 55 is divided by x(-27)?
15
Suppose -4*k = -3*k - 38. Suppose 18*i = 9*i + 16*i - 91. Calculate the remainder when k is divided by i.
12
Let t(p) = -p**3 - 5*p**2 + 4*p - 8. Let w be t(-6). Suppose -w*x - 32 = -0*x. What is the remainder when 96/x*(-34)/8 is divided by 13?
12
Let k(z) = 2*z + 363. What is the remainder when k(-13) is divided by 19?
14
Suppose -25 + 45 = d. Let g be ((-469)/7)/(-1 + 2). Let b = 9 - g. What is the remainder when b is divided by d?
16
Calculate the remainder when 83 is divided by (-54)/81 - (-137)/3.
38
Suppose 0 = 2*k - 5*g - 79, 0 = -4*g - 0*g - 12. Let x(t) = -187*t + 2076. What is the remainder when k is divided by x(11)?
13
Let m = -7 - -1. What is the remainder when 0 + -2 - (10 - 52) is divided by ((-21)/(-6))/((-1)/m)?
19
Suppose 10*s - 12 = 6*s. Let v = -3 - -9. What is the remainder when ((-70)/(-15))/(4/v) is divided by s?
1
Let a = -19 - -45. What is the remainder when 4/10*11/((-110)/(-1200)) is divided by a?
22
Let c be (-6)/(-4) + 11/22. Suppose 2*x + c*l - 101 = 105, -4*x + 412 = 3*l. Calculate the remainder when x is divided by 26.
25
Suppose 2*u + 39 - 127 = 2*m, 5*m - 140 = -4*u. What is the remainder when (-43)/(-4) + 10/u is divided by 2?
1
Let q = 19 - 14. Suppose -4*z = -q*z + 95. Let t(y) = 25*y**2 - 1. What is the remainder when z is divided by t(1)?
23
Let v = 540 + -254. Calculate the remainder when v is divided by 49.
41
Suppose -2*a - 28054 = -28*a. What is the remainder when a is divided by 12?
11
Suppose 8*p - 10*p = -58. Suppose -24 = 4*k - 76. Calculate the remainder when p is divided by (0 - 6/2) + k.
9
Let t(k) = -k**3 - 7*k**2 - 10*k - 2. Let a be t(-5). What is the remainder when (-4 - -3) + a + (-9)/(-1) is divided by 2?
0
Suppose -4*v - 66 - 80 = -2*i, -2*v - 325 = -5*i. Calculate the remainder when 96 is divided by i.
33
Suppose f + 4 - 2 = 0. What is the remainder when 6/f + 430/10 is divided by (-42)/(-4)*(-8)/(-6)?
12
What is the remainder when 19 is divided by -9 + 8 + 6 + 5?
9
Suppose -3*b - 837 = -6*b + 3*g, 1116 = 4*b - g. Suppose -4*j - j + b = -4*x, -x + 109 = 2*j. What is the remainder when j is divided by 15?
10
Let o(f) = -f**3 - 17*f**2 - 16*f + 8. Let c be o(-16). Suppose 0 = c*d - 0 - 136. Calculate the remainder when 134 is divided by d.
15
Let b = -917 + 935. Calculate the remainder when 86 is divided by b.
14
Calculate the remainder when 94 is divided by 279/18 - -7 - 3/(-2).
22
Let q = 1167 - 692. What is the remainder when q is divided by 14?
13
Let f(u) = 5*u**2 - 13*u - 84. What is the remainder when f(10) is divided by 29?
25
What is the remainder when (40*-3 - 1)/((-1)/1) is divided by 38?
7
Let c = -17 + 36. Suppose -3*x = -f - 195, 0 = 2*x + 2*f + 2*f - 116. Calculate the remainder when x is divided by c.
7
Calculate the remainder when 139*(-8)/80*-10 is divided by 79.
60
Let a(o) = -o**3 + 7*o**2 + o - 2. Let c be a(7). Suppose -5 = -3*t + t + 5*u, -10 = -t - c*u. Calculate the remainder when 15 is divided by t.
0
Suppose -60*k + 77*k - 646 = 0. Calculate the remainder when 4939 is divided by k.
37
Let z(f) = -f**3 + 3*f**2 + 24*f + 1. What is the remainder when 329 is divided by z(6)?
33
Suppose 0 = -2*v - 3*f + 687, -2*v + 12*f = 8*f - 708. What is the remainder when v is divided by 5?
3
Let r(w) = -14*w**3 + w**2 + 3*w. What is the remainder when r(-2) is divided by 34?
8
Suppose -19*a - 117 = -22*a. Let f(w) = 2*w**3 - 4*w**2 + 4*w - 5. Calculate the remainder when f(4) is divided by a.
36
Let z = 58 - 35. Suppose 2*w - 7 = z. What is the remainder when w is divided by 14?
1
Let p(k) = -24 - 5 - 6 - 13*k - 5. What is the remainder when 81 is divided by p(-5)?
6
Let z(g) = 2*g**3 + 2*g**2 + g - 57. Calculate the remainder when z(5) is divided by 48.
8
Suppose -3*t + 16 = 5*q, 2*q = -0*t + t + 2. Suppose q*l - l - 7 = 0. Suppose -4*x + 136 = 32. What is the remainder when x is divided by l?
5
Let n = -5 + 14. Suppose -5 = 2*g - n. Suppose 69 = g*h - 5*t, 3*h - 87 = -2*t + 4*t. Calculate the remainder when h is divided by 7.
6
Let g = -19 - -34. Let c(l) = -l**2 + 12*l + 59. Calculate the remainder when c(0) is divided by g.
14
Suppose 5*d + 2*s - 569 = 821, 0 = 3*d + s - 833. What is the remainder when d is divided by 26?
16
Let p be (8/(-4) - -173) + 3. Suppose -z + 2*d - 40 = 0, d + p = -5*z - 2*d. Let n = z - -55. What is the remainder when n is divided by 5?
4
Calculate the remainder when 69 is divided by ((1520/15)/(-8))/((-5)/15).
31
Suppose 3 = -3*l + 4*l. Let b(k) = -k - 2. Let p(r) = -r - 1. Let i(f) = 3*b(f) - 5*p(f). Calculate the remainder when i(4) is divided by l.
1
Suppose 3*l = -3*y + 699, 2*y + y = l + 703. Let g(i) = i**3 - 7*i**2 + 15*i + 22. Calculate the remainder when y is divided by g(5).
46
Let c = 69 - 62. Let f(h) = 4*h - 9. Calculate the remainder when 37 is divided by f(c).
18
Let x(f) = f**2 + 6*f + 2. Let l be x(-6). Suppose -2*i + l = 4*c - 2, -i + 2 = -c. Let t(w) = 49*w - 1. Calculate the remainder when t(i) is divided by 25.
22
Let g be 41 + (-2 - 1) + -4 + 8. Let c = 76 - g. What is the remainder when c is divided by 8?
2
Let i(m) = -m**2 - 9*m - 3. Let w(k) = 2*k**2 + k - 1. Let v be w(-5). Let x = 73 - v. What is the remainder when x is divided by i(-4)?
12
Let r(i) = -15*i**2 + 4*i + 1. Let s be r(3). Calculate the remainder when s/4*(-5 - -3) is divided by 21.
19
What is the remainder when 95 is divided by 4/18 - 295/9*-1?
29
Suppose 436 + 305 = 13*i. What is the remainder when i is divided by 25?
7
Let m = 238 + -148. Calculate the remainder when m is divided by (3/9)/(412/(-138) + 3).
21
Suppose 9 = -4*c + 1. What is the remainder when (-47 + 2 - 2)*-1 is divided by (3 + 9)*(-2)/c?
11
Let q = 85 + -56. Suppose -34 = -2*o - 4*s + 30, -o - 3*s = -q. Calculate the remainder when o is divided by 10.
8
Suppose -42 = 10*b - 16*b. Suppose 3*s + 9 = 2*g, -2*s = -4*g - 2 - 0. Let t = s + 31. Calculate the remainder when t is divided by b.
5
Let c = 241 + -174. Let i = 107 - c. Calculate the remainder when i is divided by 15.
10
Suppose 0 = -4*y + 91 + 9. Calculate the remainder when 33 is divided by y.
8
Suppose 1 = u - 2. Suppose -3*f - 36 = -3*g, 0 = u*f - 0*f + 15. Let k = g + -1. Calculate the remainder when 22 is divided by k.
4
Let k(p) = -5*p - 7. Suppose 3*c - 4*c - 4 = 0. What is the remainder when 25 is divided by k(c)?
12
Suppose -x + 3 = -5*t, -7*x + 12*t + 99 = 16*t. Let o(r) = -7*r**3 - r**2 + 3*r + 2. What is the remainder when o(-2) is divided by x?
9
Suppose 0 = 9*g + 5708 - 5987. What is the remainder when 216 is divided by g?
30
Let k = 0 - -5. Suppose 4*j + h - 7 - 24 = 0, -k = h. Calculate the remainder when 167/5 + (-9)/(-15) is divided by j.
7
Suppose r + 15 = 6*r. What is the remainder when 69 is divided by r?
0
Let r = 10 + 3. Let c(x) = -8*x + 4*x + 59 - 72. Calculate the remainder when r is divided by c(-5).
6
Suppose -5*r + 4*x = -29, 1 = 3*x + 4. Suppose 503 - 1028 = -204*q + 1107. What is the remainder when q is divided by r?
3
Suppose 3*z = z. Suppose z*l = 2*l - 14. Calculate the remainder when 32 is divided by l.
4
What is the remainder when (-6)/9 + 6650/57 is divided by (0 + 3 + -7)*-10?
36
Suppose 0*c + 15 = -3*c, 43 = 3*x - 5*c. Suppose 2*j - x*j = -228. Suppose 0 = -n + 4*n - 60. What is the remainder when j is divided by n?
17
Let w(y) = -y**2 - 8*y - 1. Let u be w(-11). Let c = u - -37. Calculate the remainder when c is divided by (-18)/(-8) - 12/(-16).
0
Suppose -12 = 6*j - 10*j. Suppose -3 = -j*r + 18. What is the remainder when 18 is divided by r?
4
Let s(k) = -k**3 - 17*k**2 - 17*k + 3. Let t(u) = -u + 2*u - 2*u + 9. What is the remainder when s(-16) is divided by t(5)?
3
Let a(h) = -h**3 + h**2 - h + 1182. Let b be a(0). Suppose -4*z = -z - b. What is the remainder when (-4)/(-18) - z/(-9) is divided by 15?
14
Let c be 2 + (72 - 0)/3. Let h = -18 + c. Calculate the remainder when 62 is divided by h.
6
Suppose 19*z = 18*z + 39. Suppose 4*y = -2*i + 90, 2*y = 3*i - 6*i + z. Calculate the remainder when 42 is divided by y.
18
Suppose -9 = -d - 6. Suppose 4*y = -4*f + 1144, 0*f = -f + d*y + 290. What is the remainder when f is divided by 17